 digit of x?
1
Let l(q) = 45*q**2 - 4*q - 12. Let m be l(-4). Suppose 7*h + m = 2922. What is the tens digit of h?
1
Let x be -30*(0 - (-20)/25). Let g = x - -32. Suppose g*h = 4*h + 296. What is the tens digit of h?
7
Let k = -686 - -3508. What is the tens digit of k?
2
Let i(w) = 123*w**2 + 4*w + 13. What is the tens digit of i(-2)?
9
Let h(l) = -l**2 + l + 5. Let t be h(0). Let n(x) = 3*x + 12*x**2 - 19*x**2 + 10*x**2 + t. What is the units digit of n(-4)?
1
What is the hundreds digit of (262/3)/(-6 - 185/(-30))?
5
Suppose -2*f = 6, f = 6*t - 9*t + 9261. What is the thousands digit of t?
3
Let s = 27 - 24. Suppose 0*h - 4*g + 1086 = s*h, -2*g = -2*h + 710. What is the tens digit of h/8 + 6/24?
4
Let y be 1 + -2 + 3 + (-35)/(-5). Suppose -109 + 1954 = y*r. What is the units digit of r?
5
Suppose 5*a = 5350 - 1710. What is the hundreds digit of a?
7
Let b(i) = -i**2 + 10*i + 50. Let d be b(15). Let x = 49 - d. What is the tens digit of x?
7
Suppose -5*x - 277 + 18 = -c, 4*x - 1036 = -4*c. What is the units digit of c?
9
Let l be (3 + -5)/((-8)/(-140)). Let g = 104 + l. What is the units digit of g?
9
Suppose -3*m + 3467 = -4*h + 956, -3*m + h + 2511 = 0. What is the hundreds digit of m?
8
Let c(h) = -h**3 - 8*h**2 - 13*h - 6. Let b be c(-6). Let v be -4 + 38 + -3 + b. Suppose 3*p - 95 = v. What is the units digit of p?
2
Let p = -17 + 20. Suppose p*t = -3*t + 168. What is the tens digit of t?
2
Let h = 248 - 515. Let n = h + 444. What is the tens digit of n?
7
Let l(g) = -g**3 + 5*g**2 - 2*g - 5. Let r be l(4). Let b be ((-36)/24)/(18/48). What is the tens digit of (3 + 59 - b) + r?
6
Let a = 49 + -46. Suppose -g - 4*w = -8*w - 237, a*g + 2*w = 641. What is the tens digit of g?
1
Let o(l) = 4*l. Let j be o(4). Suppose -603 = -j*p + 7*p. What is the tens digit of p?
6
Suppose -t - 4*t + 20 = 0. Suppose 2*i - 5*i + 26 = 4*m, 16 = t*m - 2*i. Suppose m*g + 47 = l + 4*g, -2*l = 5*g - 94. What is the units digit of l?
7
Let g = -333 - -959. What is the tens digit of g?
2
Let f(z) = -6*z**3 - z**2 - 3*z - 4. Let a(t) = -t**2 + t - 2. Let n be a(0). What is the tens digit of f(n)?
4
Let o = 3607 - -171. What is the tens digit of o?
7
Let b(j) = -j**3 + 5*j + 3. Let o be b(-3). Suppose -2*i + 2*a + 6 = 4*a, 0 = -3*a + o. What is the units digit of i/2*11*-3?
3
Suppose 3*w = 5*j + 1795 + 967, -3*w + 2754 = 3*j. What is the hundreds digit of w?
9
Let i(t) = 24*t + 22. Let a be i(-2). Let w = -80 + 37. Let j = a - w. What is the units digit of j?
7
Suppose 2*x = -2*t + 7*t + 337, -3*x = -2*t - 489. What is the hundreds digit of x?
1
Let q = -11 - 4. Let s be q/(-3 + (-27)/(-6)). What is the units digit of (s + 5)*(0 + -1)?
5
What is the tens digit of (-102)/(-2) - (-25 - -32)?
4
Suppose -23*i + 17*i + 1224 = 0. What is the units digit of i?
4
Suppose 0 = -62*f + 9*f + 66197. What is the tens digit of f?
4
Let y = 94 - 92. Suppose 913 = 3*q + 5*d, y*q + 5*d - 877 = -260. What is the tens digit of q?
9
Let j(d) = 2*d**3 + 4*d - 5. Let i be 14/4 - 1/(-2). Suppose -1 - 7 = -i*y. What is the units digit of j(y)?
9
Suppose -5*x = -32 - 18. Suppose 0 = -x*l + 12*l - 92. What is the units digit of l?
6
Let b be (-2)/(-4)*(3 + -3). Suppose b = 5*y + 12 - 47. What is the units digit of y?
7
Let w(u) = 11*u**2 + 2. Let s be w(1). Suppose 0 = -5*k + 3*t + 9, 4*k - 5*t - 2 - s = 0. Suppose -5*h + 65 = -k*h. What is the units digit of h?
3
What is the hundreds digit of ((-4290)/8)/(26/(-104)) + 6?
1
Let h = 113 - -354. What is the units digit of h?
7
Let u(d) be the first derivative of 2*d**2 - 3*d - 5. Let s be u(2). Suppose -s*z + 97 = -108. What is the units digit of z?
1
Suppose 5*w - 459 + 59 = 0. Suppose 3*o - w = o. What is the units digit of o?
0
Suppose -14*a - 231 + 1939 = 0. What is the hundreds digit of a?
1
Suppose 0*a = -4*a + 1028. What is the units digit of a?
7
Suppose -17 = 3*m + 13. Suppose -5 = -o + 6*o. Let z = o - m. What is the units digit of z?
9
Let u = 625 - 490. What is the tens digit of u?
3
What is the hundreds digit of ((1 - -4)/(-5))/(4/(-692))?
1
Suppose 6*z = 10*z + 2340. What is the units digit of z/26*(-2)/1?
5
Let w be (2/4)/(2/28). Let n(l) = -21*l - 211. Let g be n(-11). Let r = g + w. What is the tens digit of r?
2
Suppose 10*g - 3670 - 3400 = 0. What is the units digit of g?
7
Let x(w) = -13*w + 20. Let k be x(4). What is the tens digit of (k/(-12))/((-3)/(-108))?
9
Let y(b) = 3*b**2 - 21*b - 2. Let k be 282*5/130 - 4/(-26). What is the tens digit of y(k)?
3
Suppose -8*v = -7*v - 14*v. Suppose -13*y + 90 = -12*y - 4*a, v = -4*a + 20. What is the hundreds digit of y?
1
Let n(m) = -m**2 + 2*m + 27. Let w be n(-5). What is the tens digit of ((-3)/(-12)*139)/((-2)/w)?
3
Let z(w) = w**2 + 11*w - 15. Let d be z(-12). What is the units digit of 3/9 - 101/d?
4
Let c be 33/22*2/(-1). Let t(s) = -2*s**3 - s**2 - 2*s - 3. What is the units digit of t(c)?
8
Let q(s) = 4*s + 6. Let c be q(-4). Let j = -30 - c. What is the units digit of (64/j)/((-2)/20)?
2
Suppose 0 = 2*b - f - 998, 0 = -2*f + 4 - 12. What is the tens digit of b?
9
What is the tens digit of (10 - (3 - -4)) + 772?
7
What is the tens digit of 70*-34*(-5)/25?
7
Suppose 326 = -3*h + 4*f + 1344, 5*f = -4*h + 1378. Suppose k - 378 = -4*a, -5*k + 123 + h = 5*a. Suppose 0 = 6*c - c - a. What is the units digit of c?
9
Let q(u) = 20*u + 186. What is the units digit of q(7)?
6
Let i(w) = -2*w**3 + w**2 + 152. Let y be i(0). Let q = y + -94. What is the tens digit of q?
5
Let w be (-22)/(-55) - (-1226)/10. Let g = -72 + w. What is the units digit of (-28)/(-6) - (-17)/g?
5
Let w(j) = -j - 18. Let n be w(-11). Suppose -5*t - 2 = v - 3*t, 4*v - 4*t = 52. Let q = v + n. What is the units digit of q?
1
Suppose 2 = -c - 3*y, c + 2*y = -2*c - 6. Let k(b) = 5*b - 13. Let u(g) = 5*g - 13. Let p(f) = c*u(f) + 3*k(f). What is the tens digit of p(6)?
1
Suppose -6*t + 2*t = 3*q - 147, 2*t + 5*q = 91. Let f = t + -29. Suppose -f*r - 180 = -4*k, r + 2*r = -3*k + 141. What is the tens digit of k?
4
Let p be (-11)/(-5) + (-2)/10. Suppose -p*v = -0*v - 256. Suppose -96 = -c - 2*c + q, 4*c = -5*q + v. What is the tens digit of c?
3
Let z(j) = 3*j - 12. Let d = 5 - 0. Let i be z(d). Suppose 0*c = 4*o - 5*c - 23, i*o - 2*c - 19 = 0. What is the units digit of o?
7
Suppose 5*i = 4*l - 184 + 51, 2*i - 43 = -l. Let r(z) = -z**3 - 17*z**2 + 17*z - 16. Let x be r(-18). Suppose -37 = -x*t + l. What is the tens digit of t?
3
Let o = -1021 - -4237. What is the units digit of o?
6
Let q(r) = -r**2 + 8*r - 5. Let f be q(8). Let v = 11 + f. Suppose v*x - 40 = 2*x. What is the units digit of x?
0
Suppose 5*a + 4024 = q, 8*a - 7*a - 2 = 0. What is the units digit of q?
4
Let b be 158/6 + 2/(-6). Let g(v) = v**2 - 4*v + 6. Let o be g(3). Suppose 4*n + 4*d = 104, 0 = o*n + d - 50 - b. What is the tens digit of n?
2
Let b be (-4)/18 - (-96)/(-54). Let t be (-5)/((-5)/b) - -156. Let d = t - 84. What is the tens digit of d?
7
Let g(l) = 4*l**2 + 104*l - 53. What is the hundreds digit of g(24)?
7
Suppose -5*k = -4*a - 10, -4*k + 2*a = -0*k - 8. Suppose k*z - 129 = 141. What is the units digit of z?
5
Let j = 171 - 31. What is the hundreds digit of j?
1
Suppose -3*z + 555 = -0*i + 3*i, -4*z + 4*i + 732 = 0. What is the tens digit of z?
8
Let p = 60 - 60. Suppose 0*i + 15 = 3*i. Suppose -i*j - 2*k - 3*k + 100 = p, -k - 94 = -5*j. What is the units digit of j?
9
Suppose 0 = -4*w - 4*f + 168, 3*w - 2*w - 2*f = 45. What is the units digit of w?
3
Let b(p) be the third derivative of 31*p**4/24 - p**3/6 + 7*p**2. What is the units digit of b(5)?
4
Suppose 6*r + 20 = 8*r. Suppose -1100 = -r*w - w. What is the units digit of w?
0
Let o be (-35)/(-14) + 3/(-6). Suppose 2*w = -3*w - q + 56, 3*w - o*q - 31 = 0. What is the tens digit of w?
1
Let z(p) = -23*p - 31. What is the tens digit of z(-16)?
3
Suppose 3*g = -3, -3*g - 2*g - 20 = -3*c. Suppose -3*z + 20 = c. What is the units digit of z?
5
Let h(i) = -i**3 - 4*i**2 - 4*i. Let d be h(-3). Suppose 4*n = -1 - d. Let x = 13 - n. What is the tens digit of x?
1
Let t(w) be the third derivative of -4*w**4/3 + 2*w**3/3 - 25*w**2. What is the tens digit of t(-4)?
3
Let o = 6 + -6. Suppose -29 = 5*h - 5*d - 4, o = -5*h + 3*d - 27. What is the tens digit of (-28)/8*(h + 0)?
2
Suppose -2